 2941*l + 8889*l - 2947*l. Give i(q).
30
Let u = -166 + 197. Let m(h) = 128*h - 33*h - 30*h - u*h - 35*h. Calculate m(3).
-3
Let i(n) = -15. Let a(t) = t + 2. Let q(m) = 6*a(m) + i(m). Let s(b) = -b**3 - 8*b**2 - 7*b - 3. Let p be s(-7). Calculate q(p).
-21
Let y(k) = 721370*k - 4 + 5 - 5 - 721372*k. Suppose f + 17 = -3*o, 3*o = f - o + 3. Calculate y(f).
18
Let x(a) be the third derivative of a**4/24 + a**2 - 13. Let b be x(5). Let g(t) = 2*t**2 - 11*t - 5. Calculate g(b).
-10
Let f(k) = -15*k**2 + 5*k - 2. Let a(p) = 37*p**2 - 11*p + 4. Let d(g) = 2*a(g) + 5*f(g). Suppose 24*l - 6 = 21*l. Calculate d(l).
0
Let j(x) = x**2 + 14*x - 55. Suppose 290*g + 3*h = 295*g + 80, 0 = 3*g - 3*h + 48. Determine j(g).
-23
Let j(p) = 7*p**3 - 11*p**2 + 48*p + 16. Let g(o) = 20*o**3 - 33*o**2 + 138*o + 47. Let m(b) = 6*g(b) - 17*j(b). Determine m(9).
-44
Let f(x) = 4*x + 24. Let y be f(-7). Let s be (48/y - -2)*3/(-6). Let h(o) = s*o - 7*o - 2 - o + 4*o. Give h(2).
0
Let o(y) = -y**2 - 7*y - 1. Let p be 2/(-9) - (-2 + 11/(-9)). Let z be (-1*p)/((-66)/30 - -2). Suppose 9*m = z*m + 30. Give o(m).
9
Let h(v) = 5*v**2 - 3*v + 4. Let g = -331 - -331. Let r be h(g). Let x(t) = t + 1. Calculate x(r).
5
Let j = -1516 - -1526. Let b(t) be the first derivative of -8 + 5*t**2 + 1/4*t**4 + j*t + 10/3*t**3. What is b(-9)?
1
Let n(b) = -1 + 4*b**2 + 3*b**3 + 2*b**3 - 4*b**3 - 2*b**2. Suppose -5*s = -5*r - 835, 0*s - 491 = -3*s + r. Let x = s + -161. Calculate n(x).
2
Suppose -4*s = -2*p - 8, 69*p = 64*p - s - 20. Let v(b) = -3*b**3 - b**2 + 5*b - 2. Let c(a) = 7*a**3 + a**2 - 10*a + 4. Let h(x) = -2*c(x) - 5*v(x). Give h(p).
6
Let g(w) be the second derivative of w**5/20 + 5*w**4/12 + w**3/6 + w**2/2 - w. Suppose 7*d + 849 - 275 = 0. Let h = 77 + d. Calculate g(h).
-4
Let i(f) = 4*f**2 - 187*f + 426. Let a be i(44). Let j(q) = q**3 + 59*q**2 + 55*q - 178. Give j(a).
-4
Suppose -20*g = -109*g - 135*g - 1344. Let m(y) = 24*y + 133. What is m(g)?
-11
Let s = 3242 - 2241. Let t(q) = -2012*q + 997*q - 10*q**2 - q**3 - 8 + s*q. Calculate t(-9).
37
Let z = -126 + 230. Let u = -97 + z. Let c(j) = 4 + 6 - 15*j - u - 2. Calculate c(2).
-29
Suppose 80 = -5*h - 0*h. Let u = -6 - h. Suppose o - 2*o + u = 2*q, 0 = 5*q - 20. Let f(t) = t**3 - 4*t**2 + 2*t + 2. Calculate f(o).
-2
Let h(r) = r**2 - 4*r - 1. Let m = 9854 + -9856. Determine h(m).
11
Let f(s) = 3*s + 2. Let t(u) = -2*u - 7. Let o(k) = 2*f(k) + 5*t(k). What is o(-15)?
29
Let x = -521 - -496. Let w be (-2 + x/(-20))*-8. Let z(j) = 3 - 5 - 4 + j. What is z(w)?
0
Let m(o) = 2*o**2 - 2*o + 1. Let t = -50 - -86. Suppose a = -3*a + t. Suppose -8 = -4*y - 4*g, -3*g + 5 = -y - a. Give m(y).
13
Let y(g) = 24*g - 6*g + 1 - 3*g**2 + g**2 - 17*g + g**2. What is y(-2)?
-5
Let j(h) be the third derivative of h**4/24 + 5*h**3/3 + 1037*h**2. Calculate j(8).
18
Let z(i) = i**2 + 2*i + 7. Let o be 27 + 11136/(-319) - 24/22. What is z(o)?
70
Let f(i) = -i**3 + 324 + 39*i**2 - i - 606 + 271. Give f(39).
-50
Let w(m) be the third derivative of -m**6/120 - 8*m**5/15 - 5*m**4/2 + 4*m**3/3 + 5*m**2 + 3*m + 14. What is w(-30)?
8
Suppose 8*y - 66 - 6 = 0. Let g(w) = 67*w + 11 + 7756*w**2 - 59*w - w**3 - 7748*w**2. Determine g(y).
2
Let i(d) = 2*d**3 + 2*d**2 + d + 1. Let w(k) = 9*k**3 + 18*k**2 - 6*k + 10. Let g(o) = 5*i(o) - w(o). Suppose 3*m = 2*m + 7. Calculate g(m).
23
Let p(d) = -22*d - 34. Let q(z) = -17*z - 30. Let x(y) = 3*p(y) - 4*q(y). Give x(-5).
8
Let k = -406 + 415. Let l(x) = -k + 5*x - 4*x + 22 + x**3 - x**2. Give l(0).
13
Let m(y) = -164*y + 988. Let z be m(6). Let q(r) = 37*r - r**3 + 2*r**2 + 2 + 33*r - 67*r. Give q(z).
-18
Let t(m) = -2*m**2 - 3*m - 2. Let o be t(-2). Let x(v) be the third derivative of v**5/60 + 3*v**4/8 + 5*v**3/6 + 12*v**2 + 5*v - 7. What is x(o)?
-15
Let j(u) = u**3 - 18*u**2 + 2*u - 29. Let o be j(18). Let l(p) = -44*p - 8. Let r(f) = -53*f - 8. Let y(i) = -6*l(i) + 5*r(i). Calculate y(o).
1
Let d be ((-804)/(-72))/(2 - (-11)/(-6)). Let n = -66 + d. Let z(s) = -12*s + 2 + 3 - 4. Determine z(n).
-11
Let i be 24/20*(3 - 7)/(-4)*-5. Let h(m) = m + 23. Calculate h(i).
17
Suppose 4*j - 22 = -2*r, 2*r + 70 = 6*r - 5*j. Suppose n = r - 3. Let z(y) = -y**3 - 2*y**2 + 2 - n*y + 13*y + 3*y**3 - 3*y**3. Determine z(-2).
0
Let o be (-248)/(-20) - (-4)/(-10). Let y(q) = 6*q**2 + 5*q + 6*q**2 - 4*q**2 - 3 - q**3 - o*q**2. Let d = -40 + 35. Calculate y(d).
-3
Let j(h) = 49 + 45 - 9*h - 8 + 1 + 32. Determine j(14).
-7
Suppose 2*g + 2*g = 1530*c - 1532*c - 4, 0 = -4*c - 24. Let j(i) = i. Let f(z) = -3*z + 3. Let a(b) = f(b) - 5*j(b). What is a(g)?
-13
Suppose 2*b = -3*o - 19, 4*o + 0*o + 14 = 3*b. Let w(v) be the first derivative of 2*v + 3/2*v**2 + 2 + v**3 + 1/2*v**4. Determine w(b).
-8
Let s(m) = 702*m - 1905. Let o(d) = 261*d - 634. Let r(p) = -8*o(p) + 3*s(p). Give r(35).
-13
Let j(y) = -2*y - 1. Let c(p) = 53*p - 248. Let m be c(6). Suppose -12*t + m = -26*t. Give j(t).
9
Let u(f) be the second derivative of -4*f**3/3 - f**2/2 + 360*f. Determine u(-5).
39
Suppose -38 = -d + 5*t, 4*d = 10*t - 12*t + 86. Let w(p) = -17*p + 386. What is w(d)?
-5
Let t = 40 - 30. Let g(y) be the third derivative of -y**6/720 + y**5/20 + y**4/8 - 11*y**3/6 + 63*y**2. Let u(w) be the second derivative of g(w). Give u(t).
-4
Let v(i) = -10*i**2 + 52*i - 6. Let b(d) = 3*d**2 - 28*d + 4. Let u(c) = -11*b(c) - 6*v(c). Give u(-2).
108
Let q(g) = -g**2 + 4*g + 18. Let k be 12/9 + 0 - (-120)/72. Let z be (k + -6 + -1)*(-105)/70. Determine q(z).
6
Suppose -14*x - 25 = -19*x. Suppose 3*g + 2*j - 108 = -2*g, g + x*j - 40 = 0. Let h(l) = -3*l + 54. Let d be h(g). Let v(b) = -b**2 - 6*b. Calculate v(d).
0
Suppose 0 = -8*n + 109 + 67. Let r(o) = o - 23 - n + 43. Suppose -5*z + 28 = -q, q = 2*z - 3*z + 8. Give r(z).
4
Let n(a) = a + 4. Let u be n(0). Let j(y) = -y**3 + 10*y**2 + 2*y - 9. Let d be j(10). Let i(x) = 3*x**2 - 27 - d*x + 29 - u*x**2. Calculate i(-10).
12
Suppose -5*w = -2*s + 37, -4*s - s = 5*w + 65. Let t(z) = -z**3 - 10*z**2 - 8*z + 18. Let l be t(w). Let v(p) = -7*p + 12*p - l*p + 5 - 2. Give v(3).
-9
Let a(o) = -o**3 - 14*o**2 + 15*o - 7. Let d = 18 - -199. Suppose -5*c + 142 = d. What is a(c)?
-7
Let j(v) = -2*v**2 - 37*v - 43. Let y be j(-17). Let x(f) = 5*f - 3 + 24 - y - 6. Determine x(-5).
-18
Suppose -2*s - 3*s + 6 = -n, -3*s = 4*n - 22. Suppose 5 = 5*q - h, -2*q + 5*h = n*h + 1. Let i(j) = -2*j + 3*j**2 + q - 4*j**2 - 10 + 9. Calculate i(4).
-23
Suppose 2*y = 7*f - 3*f + 34, y - 5*f = 32. Let o(m) = m + y - 4*m + 0*m - 8. Suppose 0 = 2*d - 0*d + 4*z - 14, -2*d - z - 1 = 0. Determine o(d).
8
Suppose v = -3*p + 155, 2*v - 154 = -5*p + 104. Let y(i) = -p + 2*i - 5*i + 46. Give y(-4).
6
Let q(x) be the third derivative of -x**5/60 - 5*x**4/24 + 5*x**3/6 + 9*x**2 - 2. Let g(k) = k**2 + 5*k - 5. Let y(s) = 5*g(s) + 4*q(s). Give y(-5).
-5
Let d(a) = 12*a**2 - 22*a - 23. Let h(u) = 11*u**2 - 20*u - 21. Let w(j) = 7*d(j) - 8*h(j). Give w(4).
-33
Let q(k) = 3*k - 54. Suppose -170 = 163*h - 173*h. Give q(h).
-3
Suppose 0 = -2*z - 118 + 4. Let h = z - -61. Suppose j + 6 = -5*v + 55, -34 = -2*v - h*j. Let p(i) = i**2 - 10*i + 13. Give p(v).
4
Let c(u) = -u + 8. Let y(v) = 2*v**2 + 20*v + 37. Let q(d) = -2*c(d) - y(d). What is q(-9)?
-53
Let k = -2 + -7. Let j = k + 4. Let h(u) be the first derivative of u**3/3 + 4*u**2 + 7*u - 10879. What is h(j)?
-8
Let s(i) = 169*i. Let g(j) = -299*j + 1. Let o(w) = 4*g(w) + 7*s(w). What is o(-4)?
56
Let u(k) = 18*k**2 - 4*k - 50. Let o(a) = -26*a**2 + 6*a + 80. Let b(w) = 5*o(w) + 8*u(w). What is b(1)?
12
Let a be (-5*18/(-60))/(-4) - (-222)/(-48). Let m(y) = -y**3 - y**2 + 20*y - 1. What is m(a)?
-1
Let g be (-2940)/(-18) + 3/(-9) + 6. Let l(x) = g*x**2 + 166*x**2 - 21 - 3*x - 9*x + 175*x**2 - 509*x**2. Calculate l(13).
-8
Let a(r) = -39 + 66 + 3*r - 40. Give a(14).
29
Let x(g) = -143*g**3 + g**2 + 4*g + 3. Suppose -4 + 11 = -7*p. Let h be x(p). Let d(t) = -144*t**3 + 7*t**2 + 10 + t**2 - 7*t + h*t**3. Give d(7).
10
Let v(w) be the first derivative of -4*w - 25 + 3/2*w**2 - 1/3*w**3. Suppose -c - 3*h - 5 = 0, -4*c = -0*h + 3*h - 7. Calculate v(c).
-8
Let n(a) = -15*a + 184. Let h(p) = 6*p - 91. Let s(c) = 5*h(c) + 3*n(c). Give s(6).
7
Let b(o) = -2*o**2 - 3 + 4*o**2 - o**2 - 4*o. Let y(z) = 156*z - 30111.